{"id":257,"date":"2014-06-23T17:01:52","date_gmt":"2014-06-23T17:01:52","guid":{"rendered":"http:\/\/hisa-kras.com\/?page_id=257"},"modified":"2024-12-03T10:04:31","modified_gmt":"2024-12-03T10:04:31","slug":"fedezze-fel-a-karsztot","status":"publish","type":"page","link":"https:\/\/hisa-kras.com\/hu3\/fedezze-fel-a-karsztot\/","title":{"rendered":"Fedezze fel a Karsztot!"},"content":{"rendered":"<p>Ebben a mag\u00e1nyosan elhelyezked\u0151 faluban b\u00e9k\u00e9re lel , mik\u00f6zben a Karszt hegys\u00e9gb\u00e9li t\u00e1jban gy\u00f6ny\u00f6rk\u00f6dhet. Ak\u00e1r egy \u00e9rdekes k\u00f6nyvet olvashat teljesen h\u00e1bor\u00edtatlanul, ak\u00e1r egy t\u00far\u00e1t tehet a k\u00f6rny\u00e9kbeli \u00f6sv\u00e9nyeken, felfedezheti a helyi kulin\u00e1ris \u00e9lvezeteket (pl sonk\u00e1t), vagy ak\u00e1r v\u00e1s\u00e1rolhat Monfalcone vagy Trieszt \u00fczleteiben.<\/p>\n<p>Ak\u00e1r megismerheti fest\u0151i falvainkat ker\u00e9kp\u00e1rral: a k\u00f6z\u00e9pk\u00f6ri Stanjelt, Tomajt, Dutovljet, Pliskovice-t. Megm\u00e1szhatja Trsteljt vagy Cerj\u00e9t, ahol a nyugati hat\u00e1runk v\u00e9d\u0151inek eml\u00e9km\u0171veit, ahonnan remek a kil\u00e1t\u00e1s egyik oldalon a Vipava-v\u00f6lgyre \u00e9s Brda-ra az Alpokkal a h\u00e1tt\u00e9rben, m\u00edg a m\u00e1sik oldalon a tengerre.<\/p>\n<p>V\u00e9lhet\u0151en \u00e9lvezni fogja a Duino-i kast\u00e9lyt, ami egy part menti szikl\u00e1ra \u00e9p\u00fclt, \u00e9s amibe a n\u00e9met k\u00f6lt\u0151 Rilke is beleszeretett, aminek tisztelet\u00e9re \u00edrta Duino-i el\u00e9gi\u00e1it. Nem k\u00e9ts\u00e9ges, hogy a Miramare kast\u00e9ly is le fogja ny\u0171g\u0151zni, ami szint\u00e9n a tengerparton \u00e1ll, egy egzotikus park \u00e1ltal k\u00f6r\u00fcl\u00f6lelve, amit Habsburg Miksa \u00e9s feles\u00e9ge Charlotte, belga hercegn\u0151 \u00e9p\u00edttetett, k\u00f6zvetlen Trieszt k\u00f6zel\u00e9ben.<\/p>\n<p>Mind\u00f6ssze 30 km-re egy kellemes s\u00e9t\u00e1t tehet a tengerparti Grad\u00f3ban, felsz\u00e1llhat egy haj\u00f3ra Barbana-ban, hogy megl\u00e1togassa Oglej \u00e9s Gonars t\u00f6rt\u00e9nelmi v\u00e1rosait.<\/p>\n<p>Mi a helyzet a \u201ef\u00f6ldalatti vil\u00e1ggal\u201d? A vil\u00e1gh\u00edr\u0171 Postojna-i \u00e9s Skocjan-i barlang illetve a Grotta Gigante is itt van a k\u00f6zvetlen k\u00f6zel\u00fcnkben. l\u00e1togassa meg a h\u00edres Lipica- m\u00e9nest! Kiv\u00e1l\u00f3 kiindul\u00f3pont lehet\u00fcnk egy velencei kir\u00e1ndul\u00e1shoz is.<\/p>\n<p>\u00c9rdekli az els\u0151 vil\u00e1gh\u00e1bor\u00fa? A frontvonal a falunkon ment kereszt\u00fcl. L\u00f6v\u00e9sz\u00e1rkokat \u00e9s kavern\u00e1kat tal\u00e1l l\u00e9pten-nyomon, illetve a k\u00f6zeli Redipugli\u00e1ban egy monument\u00e1lis eml\u00e9km\u0171vet tal\u00e1l (100000 olasz katona ossz\u00e1riuma ez, akik az Isonzo fronton haltak meg az els\u0151 vil\u00e1gh\u00e1bor\u00faban). A k\u00f6zelben van Doberdo \u00e9s a Szt Mih\u00e1ly domb, ahol szlov\u00e9n \u00e9s magyar fiatalok s\u00edrhelyei is megtal\u00e1lhat\u00f3ak.<\/p>\n<p>\u00c9jszakai sz\u00f3rakoz\u00e1sra v\u00e1gyik? L\u00e1togasson meg egy j\u00f3 helyi kocsm\u00e1t, vagy falusi vend\u00e9gh\u00e1zat! Nova Goric\u00e1ban a Hit Casinos Perla and Park v\u00e1rja!<\/p>\n<p>J\u00faniust\u00f3l szeptemberig \u00e9lvezheti a naps\u00fct\u00e9st \u00e9s a tengert a k\u00f6zeli Monfalcone-i, Sistiana-i, vagy Devin-i strandokon, avyg egyszer\u0171en csak lefekhet a kertben.&nbsp;<\/p>\n<p>Amennyiben ig\u00e9nyli seg\u00edt\u00fcnk tan\u00e1csot adni, megszervezni programj\u00e1t, biztosan \u00e9klvezni fogja az itt elt\u00f6lt\u00f6tt id\u0151t!<\/p>\n<p>L\u00e1togasson meg minket!<\/p>\nngg_shortcode_0_placeholder\n<p>&nbsp;<\/p>\n<p><center><br \/>\n<iframe loading=\"lazy\" src=\"\/\/www.youtube.com\/embed\/wv6Jpj6fj30?rel=0&amp;autohide=1\" width=\"330\" height=\"186\" frameborder=\"0\" allowfullscreen=\"allowfullscreen\"><\/iframe> <iframe loading=\"lazy\" src=\"\/\/www.youtube.com\/embed\/mQE_1m9m14U?rel=0&amp;autohide=1\" width=\"330\" height=\"186\" frameborder=\"0\" allowfullscreen=\"allowfullscreen\"><\/iframe><iframe loading=\"lazy\" src=\"\/\/www.youtube.com\/embed\/Qwwfwhg-mG0?rel=0&amp;autohide=1\" width=\"330\" height=\"186\" frameborder=\"0\" allowfullscreen=\"allowfullscreen\"><\/iframe> <iframe loading=\"lazy\" src=\"\/\/www.youtube.com\/embed\/kjZ0bQQLhCo?rel=0&amp;autohide=1\" width=\"330\" height=\"186\" frameborder=\"0\" allowfullscreen=\"allowfullscreen\"><\/iframe><\/center><iframe loading=\"lazy\" src=\"\/\/www.youtube.com\/embed\/JQStDqAPKfg?rel=0;autohide=1\" width=\"225\" height=\"127\" frameborder=\"0\" allowfullscreen=\"allowfullscreen\"><\/iframe> <iframe loading=\"lazy\" src=\"\/\/www.youtube.com\/embed\/YI2mGngYRLg?rel=0;autohide=1\" width=\"225\" height=\"127\" frameborder=\"0\" allowfullscreen=\"allowfullscreen\"><\/iframe> <iframe loading=\"lazy\" src=\"\/\/www.youtube.com\/embed\/75eDNZJJBYU?rel=0;autohide=1\" width=\"225\" height=\"127\" frameborder=\"0\" allowfullscreen=\"allowfullscreen\"><\/iframe><\/p>\n<p>&nbsp;<\/p>\n","protected":false},"excerpt":{"rendered":"<p>Ebben a mag\u00e1nyosan elhelyezked\u0151 faluban b\u00e9k\u00e9re lel , mik\u00f6zben a Karszt hegys\u00e9gb\u00e9li t\u00e1jban gy\u00f6ny\u00f6rk\u00f6dhet. Ak\u00e1r egy \u00e9rdekes k\u00f6nyvet olvashat teljesen h\u00e1bor\u00edtatlanul, ak\u00e1r egy t\u00far\u00e1t tehet a k\u00f6rny\u00e9kbeli \u00f6sv\u00e9nyeken, felfedezheti a helyi kulin\u00e1ris \u00e9lvezeteket (pl sonk\u00e1t), vagy ak\u00e1r v\u00e1s\u00e1rolhat Monfalcone vagy Trieszt \u00fczleteiben. Ak\u00e1r megismerheti fest\u0151i falvainkat ker\u00e9kp\u00e1rral: a k\u00f6z\u00e9pk\u00f6ri Stanjelt, Tomajt, Dutovljet, Pliskovice-t. Megm\u00e1szhatja Trsteljt [&hellip;]<\/p>\n","protected":false},"author":1,"featured_media":0,"parent":0,"menu_order":0,"comment_status":"closed","ping_status":"open","template":"","meta":{"ngg_post_thumbnail":0,"footnotes":""},"class_list":["post-257","page","type-page","status-publish","hentry"],"_links":{"self":[{"href":"https:\/\/hisa-kras.com\/hu3\/wp-json\/wp\/v2\/pages\/257","targetHints":{"allow":["GET"]}}],"collection":[{"href":"https:\/\/hisa-kras.com\/hu3\/wp-json\/wp\/v2\/pages"}],"about":[{"href":"https:\/\/hisa-kras.com\/hu3\/wp-json\/wp\/v2\/types\/page"}],"author":[{"embeddable":true,"href":"https:\/\/hisa-kras.com\/hu3\/wp-json\/wp\/v2\/users\/1"}],"replies":[{"embeddable":true,"href":"https:\/\/hisa-kras.com\/hu3\/wp-json\/wp\/v2\/comments?post=257"}],"version-history":[{"count":3,"href":"https:\/\/hisa-kras.com\/hu3\/wp-json\/wp\/v2\/pages\/257\/revisions"}],"predecessor-version":[{"id":591,"href":"https:\/\/hisa-kras.com\/hu3\/wp-json\/wp\/v2\/pages\/257\/revisions\/591"}],"wp:attachment":[{"href":"https:\/\/hisa-kras.com\/hu3\/wp-json\/wp\/v2\/media?parent=257"}],"curies":[{"name":"wp","href":"https:\/\/api.w.org\/{rel}","templated":true}]}}