{"id":261,"date":"2014-06-23T17:06:45","date_gmt":"2014-06-23T17:06:45","guid":{"rendered":"http:\/\/hisa-kras.com\/?page_id=261"},"modified":"2014-06-23T17:06:45","modified_gmt":"2014-06-23T17:06:45","slug":"elhelyezkedes","status":"publish","type":"page","link":"https:\/\/hisa-kras.com\/hu3\/elhelyezkedes\/","title":{"rendered":"Elhelyezked\u00e9s"},"content":{"rendered":"<p>Ljubljan\u00e1t\u00f3l k\u00f6r\u00fclbel\u00fcl egy \u00f3ra t\u00e1vols\u00e1gra vagyunk.<\/p>\n<p>Az aut\u00f3p\u00e1ly\u00e1n Fernetti fel\u00e9 kell venni az ir\u00e1nyt, majd k\u00f6vetni a Velence ir\u00e1nyt, a Monfalcone-i lehajt\u00f3n\u00e1l kell let\u00e9rni az aut\u00f3p\u00e1ly\u00e1r\u00f3l \u00e9s Gorizia ir\u00e1ny\u00e1ba haladni. A Jamiano-ban kell \u00e1tl\u00e9pni a hat\u00e1rt \u00e9s Brestovic\u00e1ba \u00e9rkezni. Onnan mind\u00f6ssze egy kilom\u00e9teres meredek \u00fat vezet Sela na Krasu-ba.<\/p>\n<p>Vagy<br \/>\nSezana-n\u00e1l let\u00e9rni az aut\u00f3p\u00e1ly\u00e1r\u00f3l , Dutovlje \u00e9s Komen ut\u00e1n Vojscica ir\u00e1ny\u00e1ba menni, majd als\u00f3bbrend\u0171 \u00faton Miren fel\u00e9. Opatije Selo ut\u00e1n k\u00e9t kilom\u00e9terrel a t\u00e1bl\u00e1n\u00e1l jobbra Hudi log, Korita \u00e9s Sela na Krasu fel\u00e9.<\/p>\n<p>Nem lesz neh\u00e9z megtal\u00e1lni Sela na Krasu-ban apartmanunkat. Gyakorlatilag a fenns\u00edk sz\u00e9l\u00e9n vagyunk. Amint megl\u00e1tja a tengert, a h\u00e1z a 49\/A sz\u00e1m alatt lesz .<\/p>\n<p><iframe loading=\"lazy\" src=\"http:\/\/maps.google.com\/maps?q=45.819551,13.617918&amp;num=1&amp;t=h&amp;ie=UTF8&amp;ll=45.819633,13.617618&amp;spn=0.002251,0.004823&amp;z=16&amp;output=embed\" height=\"350\" width=\"600\" frameborder=\"0\" marginwidth=\"0\" marginheight=\"0\" scrolling=\"no\"><\/iframe><br \/>\n<span style=\"font-size: 11px;\"><span style=\"text-decoration: underline;\">Bigger map<\/span><\/span><\/p>\n","protected":false},"excerpt":{"rendered":"<p>Ljubljan\u00e1t\u00f3l k\u00f6r\u00fclbel\u00fcl egy \u00f3ra t\u00e1vols\u00e1gra vagyunk. Az aut\u00f3p\u00e1ly\u00e1n Fernetti fel\u00e9 kell venni az ir\u00e1nyt, majd k\u00f6vetni a Velence ir\u00e1nyt, a Monfalcone-i lehajt\u00f3n\u00e1l kell let\u00e9rni az aut\u00f3p\u00e1ly\u00e1r\u00f3l \u00e9s Gorizia ir\u00e1ny\u00e1ba haladni. A Jamiano-ban kell \u00e1tl\u00e9pni a hat\u00e1rt \u00e9s Brestovic\u00e1ba \u00e9rkezni. Onnan mind\u00f6ssze egy kilom\u00e9teres meredek \u00fat vezet Sela na Krasu-ba. Vagy Sezana-n\u00e1l let\u00e9rni az aut\u00f3p\u00e1ly\u00e1r\u00f3l , [&hellip;]<\/p>\n","protected":false},"author":1,"featured_media":0,"parent":0,"menu_order":0,"comment_status":"closed","ping_status":"open","template":"","meta":{"ngg_post_thumbnail":0,"footnotes":""},"class_list":["post-261","page","type-page","status-publish","hentry"],"_links":{"self":[{"href":"https:\/\/hisa-kras.com\/hu3\/wp-json\/wp\/v2\/pages\/261","targetHints":{"allow":["GET"]}}],"collection":[{"href":"https:\/\/hisa-kras.com\/hu3\/wp-json\/wp\/v2\/pages"}],"about":[{"href":"https:\/\/hisa-kras.com\/hu3\/wp-json\/wp\/v2\/types\/page"}],"author":[{"embeddable":true,"href":"https:\/\/hisa-kras.com\/hu3\/wp-json\/wp\/v2\/users\/1"}],"replies":[{"embeddable":true,"href":"https:\/\/hisa-kras.com\/hu3\/wp-json\/wp\/v2\/comments?post=261"}],"version-history":[{"count":1,"href":"https:\/\/hisa-kras.com\/hu3\/wp-json\/wp\/v2\/pages\/261\/revisions"}],"predecessor-version":[{"id":262,"href":"https:\/\/hisa-kras.com\/hu3\/wp-json\/wp\/v2\/pages\/261\/revisions\/262"}],"wp:attachment":[{"href":"https:\/\/hisa-kras.com\/hu3\/wp-json\/wp\/v2\/media?parent=261"}],"curies":[{"name":"wp","href":"https:\/\/api.w.org\/{rel}","templated":true}]}}