{"id":266,"date":"2014-06-23T18:35:21","date_gmt":"2014-06-23T18:35:21","guid":{"rendered":"http:\/\/hisa-kras.com\/?page_id=266"},"modified":"2021-03-11T08:14:23","modified_gmt":"2021-03-11T08:14:23","slug":"kapcsolat","status":"publish","type":"page","link":"https:\/\/hisa-kras.com\/hu3\/kapcsolat\/","title":{"rendered":"Kapcsolat"},"content":{"rendered":"<p>Mobil: 00386 31 580 234 (Branka)<br \/>\nT\u00f6ltse ki adataival \u00e9s a k\u00e9rd\u00e9sevel a lenti k\u00e9rd\u0151\u00edvet! \u00d6r\u00f6mmel v\u00e1laszolunk!<\/p>\n\n<div class=\"wpcf7 no-js\" id=\"wpcf7-f265-o1\" lang=\"sl-SI\" dir=\"ltr\" data-wpcf7-id=\"265\">\n<div class=\"screen-reader-response\"><p role=\"status\" aria-live=\"polite\" aria-atomic=\"true\"><\/p> <ul><\/ul><\/div>\n<form action=\"\/hu3\/wp-json\/wp\/v2\/pages\/266#wpcf7-f265-o1\" method=\"post\" class=\"wpcf7-form init\" aria-label=\"Contact form\" novalidate=\"novalidate\" data-status=\"init\">\n<fieldset class=\"hidden-fields-container\"><input type=\"hidden\" name=\"_wpcf7\" value=\"265\" \/><input type=\"hidden\" name=\"_wpcf7_version\" value=\"6.1.4\" \/><input type=\"hidden\" name=\"_wpcf7_locale\" value=\"sl_SI\" \/><input type=\"hidden\" name=\"_wpcf7_unit_tag\" value=\"wpcf7-f265-o1\" \/><input type=\"hidden\" name=\"_wpcf7_container_post\" value=\"0\" \/><input type=\"hidden\" name=\"_wpcf7_posted_data_hash\" value=\"\" \/><input type=\"hidden\" name=\"_wpcf7_recaptcha_response\" value=\"\" \/>\n<\/fieldset>\n<p>N\u00e9v*<br \/>\n<span class=\"wpcf7-form-control-wrap\" data-name=\"imepriimek\"><input size=\"40\" maxlength=\"400\" class=\"wpcf7-form-control wpcf7-text wpcf7-validates-as-required\" aria-required=\"true\" aria-invalid=\"false\" value=\"\" type=\"text\" name=\"imepriimek\" \/><\/span>\n<\/p>\n<p>C\u00edm*<br \/>\n<span class=\"wpcf7-form-control-wrap\" data-name=\"naslov\"><input size=\"40\" maxlength=\"400\" class=\"wpcf7-form-control wpcf7-text wpcf7-validates-as-required\" aria-required=\"true\" aria-invalid=\"false\" value=\"\" type=\"text\" name=\"naslov\" \/><\/span>\n<\/p>\n<p>E-mail*<br \/>\n<span class=\"wpcf7-form-control-wrap\" data-name=\"email\"><input size=\"40\" maxlength=\"400\" class=\"wpcf7-form-control wpcf7-email wpcf7-validates-as-required wpcf7-text wpcf7-validates-as-email\" aria-required=\"true\" aria-invalid=\"false\" value=\"\" type=\"email\" name=\"email\" \/><\/span>\n<\/p>\n<p>Telefonsz\u00e1m*<br \/>\n<span class=\"wpcf7-form-control-wrap\" data-name=\"telefon\"><input size=\"40\" maxlength=\"400\" class=\"wpcf7-form-control wpcf7-text wpcf7-validates-as-required\" aria-required=\"true\" aria-invalid=\"false\" value=\"\" type=\"text\" name=\"telefon\" \/><\/span>\n<\/p>\n<p>L\u00e9tsz\u00e1m*<br \/>\n<span class=\"wpcf7-form-control-wrap\" data-name=\"stoseb\"><input size=\"40\" maxlength=\"400\" class=\"wpcf7-form-control wpcf7-text wpcf7-validates-as-required\" aria-required=\"true\" aria-invalid=\"false\" value=\"\" type=\"text\" name=\"stoseb\" \/><\/span>\n<\/p>\n<p>\u00c9rkez\u00e9s*<br \/>\n<span class=\"wpcf7-form-control-wrap\" data-name=\"prihod\"><input size=\"40\" maxlength=\"400\" class=\"wpcf7-form-control wpcf7-text wpcf7-validates-as-required koledar\" aria-required=\"true\" aria-invalid=\"false\" value=\"\" type=\"text\" name=\"prihod\" \/><\/span>\n<\/p>\n<p>T\u00e1voz\u00e1s*<br \/>\n<span class=\"wpcf7-form-control-wrap\" data-name=\"odhod\"><input size=\"40\" maxlength=\"400\" class=\"wpcf7-form-control wpcf7-text wpcf7-validates-as-required koledar\" aria-required=\"true\" aria-invalid=\"false\" value=\"\" type=\"text\" name=\"odhod\" \/><\/span>\n<\/p>\n<p>Egy\u00e9b <span class=\"wpcf7-form-control-wrap\" data-name=\"dodatno\"><textarea cols=\"40\" rows=\"10\" maxlength=\"2000\" class=\"wpcf7-form-control wpcf7-textarea\" aria-invalid=\"false\" name=\"dodatno\"><\/textarea><\/span><br \/>\n\n<\/p>\n<p><input class=\"wpcf7-form-control wpcf7-submit has-spinner\" type=\"submit\" value=\"K\u00fcld\u00e9s\" \/>\n<\/p><div class=\"wpcf7-response-output\" aria-hidden=\"true\"><\/div>\n<\/form>\n<\/div>\n\n<p>A foglal\u00e1s\u00e1t k\u00f6vet\u0151en e-mailben k\u00fcldj\u00fck a sz\u00e1ml\u00e1t. A foglal\u00e1st akkor tekintj\u00fck v\u00e9glegesnek, ha a 30 % el\u0151leg meg\u00e9rkezik az al\u00e1bbi banksz\u00e1ml\u00e1nkra: IBAN: SI56 0400 1004 9063 850 (BIC: KBMASI2X). A fennmarad\u00f3 \u00f6sszeget az itt tart\u00f3zkod\u00e1s m\u00e1snapj\u00e1n k\u00e9rj\u00fck kiegyenl\u00edteni k\u00e9szp\u00e9nzben, vagy a fenti sz\u00e1mlasz\u00e1mra teljes\u00edteni.<\/p>\n<p>A h\u00e1zat d\u00e9lut\u00e1n 3 \u00f3r\u00e1t\u00f3l lehet elfoglalni \u00e9s a t\u00e1voz\u00e1s napj\u00e1n d\u00e9lel\u0151tt 10 \u00f3r\u00e1ig elhagyni.<\/p>\n<p>A sz\u00e1ll\u00e1s elfoglal\u00e1sakor f\u00e9nyk\u00e9ppel ell\u00e1tott \u00fatlev\u00e9l\/szem\u00e9lyi igazol\u00e1s sz\u00fcks\u00e9ges. Amennyiben a h\u00e1zban vagy k\u00f6r\u00fcl b\u00e1rmilyen s\u00e9r\u00fcl\u00e9s keletkezik az itt tart\u00f3zkod\u00e1sb\u00f3l ered\u0151en, \u00fagy a k\u00e1rr\u00f3l a sz\u00e1ml\u00e1t \u00e1tadjuk \u00e9s fizet\u00e9si k\u00f6telezetts\u00e9g\u00fck keletkezik, aminek a biztos\u00edt\u00f3 szak\u00e9rt\u0151je fog felbecs\u00fclni.<\/p>\n","protected":false},"excerpt":{"rendered":"<p>Mobil: 00386 31 580 234 (Branka) T\u00f6ltse ki adataival \u00e9s a k\u00e9rd\u00e9sevel a lenti k\u00e9rd\u0151\u00edvet! \u00d6r\u00f6mmel v\u00e1laszolunk! A foglal\u00e1s\u00e1t k\u00f6vet\u0151en e-mailben k\u00fcldj\u00fck a sz\u00e1ml\u00e1t. A foglal\u00e1st akkor tekintj\u00fck v\u00e9glegesnek, ha a 30 % el\u0151leg meg\u00e9rkezik az al\u00e1bbi banksz\u00e1ml\u00e1nkra: IBAN: SI56 0400 1004 9063 850 (BIC: KBMASI2X). A fennmarad\u00f3 \u00f6sszeget az itt tart\u00f3zkod\u00e1s m\u00e1snapj\u00e1n k\u00e9rj\u00fck kiegyenl\u00edteni [&hellip;]<\/p>\n","protected":false},"author":1,"featured_media":0,"parent":0,"menu_order":0,"comment_status":"closed","ping_status":"open","template":"","meta":{"ngg_post_thumbnail":0,"footnotes":""},"class_list":["post-266","page","type-page","status-publish","hentry"],"_links":{"self":[{"href":"https:\/\/hisa-kras.com\/hu3\/wp-json\/wp\/v2\/pages\/266","targetHints":{"allow":["GET"]}}],"collection":[{"href":"https:\/\/hisa-kras.com\/hu3\/wp-json\/wp\/v2\/pages"}],"about":[{"href":"https:\/\/hisa-kras.com\/hu3\/wp-json\/wp\/v2\/types\/page"}],"author":[{"embeddable":true,"href":"https:\/\/hisa-kras.com\/hu3\/wp-json\/wp\/v2\/users\/1"}],"replies":[{"embeddable":true,"href":"https:\/\/hisa-kras.com\/hu3\/wp-json\/wp\/v2\/comments?post=266"}],"version-history":[{"count":3,"href":"https:\/\/hisa-kras.com\/hu3\/wp-json\/wp\/v2\/pages\/266\/revisions"}],"predecessor-version":[{"id":435,"href":"https:\/\/hisa-kras.com\/hu3\/wp-json\/wp\/v2\/pages\/266\/revisions\/435"}],"wp:attachment":[{"href":"https:\/\/hisa-kras.com\/hu3\/wp-json\/wp\/v2\/media?parent=266"}],"curies":[{"name":"wp","href":"https:\/\/api.w.org\/{rel}","templated":true}]}}